irst derivative of -1/2*v**2 + 0*v + 21/4*v**4 + 1/3*v**3 - 57. Calculate m(1).
21
Let y(n) = n**3 - n. Let w be y(-2). Let b(l) be the third derivative of 4*l + 19*l**2 + 1/2*l**3 + 0 + 1/12*l**4. What is b(w)?
-9
Let k(o) = -5*o**2 - 39*o + 44. Let i = -81 - -83. Let b(c) = 9 - i*c**2 + 581*c - 594*c + 6. Let s(f) = 8*b(f) - 3*k(f). What is s(12)?
0
Let z = 25 - 23. Let m be (-8)/z*((-216)/32 + 5). Let k(i) = -i**3 + 8*i**2 - i - 4. Give k(m).
38
Let i be ((-6)/18)/(3/(-108)). Suppose 2 = 7*p - i. Let v(j) = j**2 - j - p + 5 + 8*j + 1. What is v(-6)?
-2
Let q(u) = -2*u**3 + 9*u**2 + 8*u - 8. Let y be -1*(0 + -5) - (8 - (-3 - -11)). Determine q(y).
7
Let g(w) = -w**3 - 65*w**2 + 68*w + 151. Let r be g(-66). Let l(n) = n**3 - 19*n**2 + 2*n - 34. Calculate l(r).
4
Let s(g) = 3 - g**2 + 11 - 6*g - 4. Let t = -274757 - -274749. What is s(t)?
-6
Suppose 5*w - 38 = -2*k, 9*w = 10*w + 5*k - 26. Let o(n) = -n**2 - 2. Let z(d) = d**3 + 12*d**2 + 7*d + 17. Let t(l) = w*o(l) + z(l). What is t(-4)?
9
Let l(j) = -11*j**2 - 3. Let c(s) = -157*s**2 - s - 40. Let n(a) = 2*c(a) - 29*l(a). Give n(0).
7
Let h(x) = 4 - 102*x + 3 + 2 + 51*x + 49*x - 3. Let m(t) = t**3 + 3*t**2 - 3*t + 4. Let s be m(-4). Give h(s).
6
Let l = 133 + -123. Suppose -414*q + l = -419*q. Let j(s) = s - 6. Give j(q).
-8
Suppose 80*d - 630 = 70*d. Suppose -35*f = -44*f - d. Let x(w) = w**3 + 6*w**2 - 7*w - 10. Determine x(f).
-10
Let n(f) = -65*f**2 - f + 1. Suppose 53*l + 4*c = 52*l - 1, -l - c = 1. What is n(l)?
-63
Let m(h) = -3*h**2 - 4*h - 10. Let b(o) be the third derivative of -o**5/30 - 5*o**4/24 - 3*o**3/2 - 3*o**2 + 10*o. Let g(z) = 4*b(z) - 3*m(z). What is g(8)?
-6
Suppose 8 = -t + 3*m, t = m + 2139 - 2147. Let y(c) = -23*c - 198. What is y(t)?
-14
Let q(w) be the third derivative of -w**4/24 + 2*w**3/3 - 22*w**2. Suppose 0*r + 5*r - 105 = 4*c, 5*r = 3*c + 105. Suppose 9*p - 24 = r. Give q(p).
-1
Let q(u) be the first derivative of 5/3*u**3 - 1/4*u**4 - 9*u + 6 + 7/2*u**2. Determine q(6).
-3
Let x(p) be the second derivative of p**3/6 + 3*p**2 - 1314*p. Suppose 3*l + 2 - 8 = 0. Suppose 0 = -l*h, 3 = m + 2*h + 10. Calculate x(m).
-1
Let v be 12/9 + (-25)/(-15). Let a be v/(-9)*3 - -6. Let w(x) = -x**2 + 4*x + 6. Determine w(a).
1
Let k(u) = -u + 4. Suppose 0 = -14*s - 48 + 76. Suppose -5*w - s*m + 6 = -17, -5 = 5*m. Determine k(w).
-1
Let l(h) = 2*h**2 + 20*h - 23. Let z(s) = -5*s**2 - 40*s + 34. Let j(p) = -7*l(p) - 3*z(p). Give j(17).
8
Let x(q) = 1. Let t(n) = n - 4. Let d = -56 + 62. Let b(y) = d*x(y) + t(y). Let f(v) = v**3 + 3*v**2. Let z be f(-3). Give b(z).
2
Let i(h) = h**3 + 45*h**2 + 32*h - 21. Let b(u) = -3*u**2 + 2. Let q(m) = -4*b(m) - i(m). Determine q(-32).
13
Let r(c) = -c**3 - 29*c**2 - 2*c - 2. Let b(p) = 4*p**3 + 99*p**2 + 7*p + 7. Let z(a) = 2*b(a) + 7*r(a). Calculate z(5).
0
Suppose a + 2 + 1 = 0. Let g be (-41)/(-4) - ((-14)/(-56) + 0). Let h(t) = 6 - t**2 - 12 - g*t + 6 + 8*t. Give h(a).
-3
Let m(f) be the second derivative of -1/3*f**3 - 46 + 2*f - 6*f**2. Calculate m(-7).
2
Suppose -2 = -3*l + 1. Let v be l - 1/((-3)/12). Let p(u) be the first derivative of u**3/3 - 2*u**2 + 6*u + 146. Calculate p(v).
11
Let k = -3650 - -3652. Let b(d) = 4*d**2 - 7*d + 4. Calculate b(k).
6
Let s(f) = -f - 17. Suppose -9*y - 20 + 11 = 0. Let z(t) = 3. Let w(m) = y*s(m) - 4*z(m). Determine w(5).
10
Let z(y) = -4*y**2 + 2*y + 1. Let p = -71 - -107. Let u be p/30*20/12. Calculate z(u).
-11
Suppose p - 3 = 3. Let u(h) = -h**3 - 4*h**2 - 6. Let z(l) = -5*l**3 - 15*l**2 - 24. Suppose 0 = -6*n + 21 - 9. Let a(v) = n*z(v) - 9*u(v). Calculate a(p).
6
Suppose -22*r = 5 + 39. Let p be 3/(-12)*r*(1 - 13). Let f(d) = d**2 + 4*d + 8. Calculate f(p).
20
Let f(y) be the second derivative of 1/2*y**2 + 0 - 2*y - 1/6*y**3. Let m be ((-22)/11 + 4)*1. Determine f(m).
-1
Let a(h) = h**2 - 4*h + 10. Suppose 3*c + 0 = j + 129, 2*c - 86 = j. Suppose c*z - 44*z + 7 = 0. What is a(z)?
31
Suppose -5*l = 5*n + 5, -3*n + 4*l + 4 = n. Suppose n = -4*i + 2*w - 10, 2*i + 19*w = 16*w - 17. Let p(r) = -r**2 - 5. Give p(i).
-21
Let u(s) = -s**2 - 19*s - 62. Suppose 5*k + 3*t + 55 = 0, -25 = -6*t + t. Give u(k).
8
Let a(o) = -30*o + 37. Let l be -5 + 24/4 - 5/1. Let z(b) = 11*b - 13. Let p(q) = l*a(q) - 11*z(q). Calculate p(-6).
1
Suppose -8*i + 3*i + 10 = 0. Let x be (i + -12)/2 - (-255)/15. Let m(l) = -l**2 + 12*l + 5. Give m(x).
5
Let j(c) be the third derivative of c**6/120 - c**5/12 + c**4/24 - c**3/6 + 5*c**2. Suppose 0 = -5121*x + 5122*x - 5. What is j(x)?
4
Let p = 42 - 39. Let a(w) = -10*w**p - w + 2*w - w**3 + 9*w**3. Suppose 9 - 12 = -3*q. Give a(q).
-1
Let s(q) = -1186*q + 1183. Let w be s(1). Let u(t) = -9*t - 23. Give u(w).
4
Let b(y) be the first derivative of 4/3*y**3 - 40 - 3*y**2 + 1/4*y**4 - 5*y. Determine b(-4).
19
Let o(k) = -174*k**3 + 51*k**3 + 63*k**3 + 4 - 6*k**2 - 7*k + 2 + 61*k**3. Calculate o(8).
78
Let z(w) = 17*w + 1. Let a(t) = -52*t - 28. Let r(c) = a(c) + 3*z(c). What is r(9)?
-34
Let g(o) = o**2 - 10*o - 13. Suppose 4*q + 20 = 6*q. Suppose q*m - 7 = 103. Give g(m).
-2
Let d(f) = -3*f**2 - 15*f + 29. Suppose 0 = 335*o - 325*o - 20. Calculate d(o).
-13
Suppose 5*i + 487 = 3*d + 10*i, 0 = 2*i - 4. Let k = -157 + d. Let u(s) = -3*s + 2*s + 1 - 2. Give u(k).
-3
Let t be (-1 - -2 - -1) + (-240)/(-16). Let h(x) = -3*x + 50. Give h(t).
-1
Let h(a) be the third derivative of a**6/120 + a**5/60 - a**4/12 - a**3/3 + 147*a**2 + 2*a. Suppose -30*u - 4 = -28*u. Give h(u).
-2
Suppose -5*f = 5*a + 95, -4*f - 86 = 107*a - 108*a. Let h(d) = d**3 + 22*d**2 + 23*d + 50. Give h(f).
8
Let x(n) = 334 - 3*n - 81 - 104 - 106 - 90. Give x(-18).
7
Let a(s) = -s**2 + 19*s - 17. Let w(g) = g**2 - 17*g + 17. Let p(y) = 2*a(y) + 3*w(y). Let f(i) = -10*i - 28. Let q be f(-4). What is p(q)?
5
Let n(a) = 6*a - 6. Suppose -52 = 20*h + 24 - 16. What is n(h)?
-24
Let l(n) = 2*n**2 - 3*n - 3. Suppose -9*c + 7*c = 5*m + 41, 2*m = -2*c - 20. Let p(f) = 2*f**3 + 13*f**2 - 5*f + 18. Let o be p(m). What is l(o)?
17
Let y be 2 + (0 - -1) + (-46 - -42). Let g(q) = 7*q**3. Give g(y).
-7
Let s(c) be the first derivative of -3*c**2/2 + 3*c - 2. Suppose 70*h + 25*h = -665. Calculate s(h).
24
Let t be ((-1)/3)/(5/(-30)). Let g(r) = r**2 - 2*r - t*r - 2*r + 10 - 3. Suppose 0 = -4*n - 3*n + 42. Calculate g(n).
7
Let h(w) = -22*w**2 + 9*w - 14. Let i(n) = -21*n**2 + 8*n - 12. Let j(z) = 5*h(z) - 6*i(z). Calculate j(1).
15
Let k(j) = -681*j - 1. Let a(b) = 813*b. Let m(r) = -5*a(r) - 6*k(r). What is m(-5)?
-99
Let l(v) = -6*v**2 + 210*v + 1197. Let f be l(40). Let z be 2/6*(-1 - -7). Let m(g) = 1 + g**2 + 4*g + g**z + 0*g**2. Give m(f).
7
Suppose -821 = 7*m - 184. Let a = -84 - m. Let j(p) = 3*p - 15. Determine j(a).
6
Let s(d) = -3*d**3 + d**2 - 3*d + 1. Let u(x) = 22*x**3 + 3*x**2 + 25*x + 17. Let o(k) = -7*s(k) - u(k). Calculate o(-10).
16
Suppose 4*p = -b - 7 - 9, 0 = -2*b - 2*p - 8. Suppose 2*v - 14 - 24 = b. Let r = -17 + v. Let l(t) = 3*t - 1. Calculate l(r).
5
Let h = -4 - -6. Let n be (-116)/(-14) - h/7. Let p(j) be the third derivative of -j**6/120 + 2*j**5/15 + j**4/24 + 2*j**2 - 16*j - 12. Give p(n).
8
Let s(r) = -2*r + 1. Let h(z) = -z**2 + 20*z + 78. Let f be h(23). Suppose -5*l + 22 = 2*a, f*a - 5*a + 2*l = 12. Determine s(a).
-1
Let h = -9 + 14. Suppose 4*b - 4*z - 8 = 0, 3*z - 28 = -h*b + 2*z. Let k(w) be the third derivative of -w**4/24 - 2*w**3/3 + 52*w**2 - w + 3. Give k(b).
-9
Let w(k) be the second derivative of -8/3*k**3 - 9/2*k**2 - 1/12*k**4 + 163*k + 0. Determine w(-15).
6
Let v(l) = l - 2. Let y(r) = 2*r**2 - 8*r - 18. Let k be y(6). Let a be 9 - ((k - 2) + -2) - -3. Suppose 0 = 3*h, 3*b - h = -2*b - a. What is v(b)?
-4
Let n be ((-2)/(13 + -7))/((-2)/48). Let k(b) = 9*b**2 - 7*b - n*b**2 - 3 + 0*b**2 + 1. Determine k(4).
-14
Let j(u) be the second derivative of u**4/12 - u**3/3 - u**2 - 405*u. Determine j(5).
13
Suppose 3*u + 5*y + 94 = 0, -u = -16*y + 14*y + 46. Let z(l) = -l**3 - 39*l**2 - 41*l - 117. What is z(u)?
-3
Let n(z) = -175 + 3*z - 175 - z**2 - 2*z**3 + 353. Let h(q) = 2*q - 28. Let m be h(13). What is n(m)?
9
Let x(f) = -f**2 + 3*f + 5. Let k(h) = -2*h - 4. Let m(c) = -3*k(c) - 2*x(c). Let t be m(-6). Let g = t - 70. Let v(j) = -j**3 + 2*j**2 + 5*j + 3. Give v(g).
-9
Let c(d) = 26